 2*f**2 - f. Let m be q(-4). Determine p(m).
-6
Let j(n) = n**2 - 4*n + 6. Let f be j(4). Suppose -2*c + f = -2. Suppose -b - c*g = 6, -b + 12 = 2*g - 7*g. Let w(k) = k**3 - 4*k**2 + 4*k - 3. Give w(b).
-3
Let x(w) = w**2 + 8*w + 2. Let r be x(-8). Suppose -r*b = -5*d + 12, -7*b + 3*b - 4 = 0. Let g(t) = 3 + 4 + t - d. Calculate g(-4).
1
Let b(i) = -4*i**2 + 2*i - 6. Let n = -2 + -2. Let j(c) = -5*c**2 + 2*c - 7. Let q(s) = n*b(s) + 3*j(s). Suppose -d + 5*h = 7, -3*h + 2 = -2*h. What is q(d)?
6
Let z be (-10)/(-1)*(-3)/6. Let o(g) = 6*g - 6. Suppose 3 + 3 = y. Let n(x) = 7*x - 7. Let i(d) = y*o(d) - 5*n(d). What is i(z)?
-6
Let i(o) = -o**2 + 7*o + 8. Let w(j) = -13*j + 6. Let z be w(0). Determine i(z).
14
Let w(m) = -m**3 + 3*m**2 - 3*m + 2. Let d(u) = u**3 - 6*u**2 - 8*u + 9. Let x be d(7). Calculate w(x).
0
Let a(r) = -r + 3 - 14 + 0*r. Let h be a(-8). Let l(c) = -c**3 - 3*c**2 - 2*c - 4. Calculate l(h).
2
Let d(n) = -n**3 + 3*n**2 - n + 1. Let g be d(3). Let z be ((-4)/6)/(g/3). Let m(x) = x - 8*x**3 + 0 - z + 0*x**3 - 2*x**3. What is m(1)?
-10
Let t(i) be the third derivative of 1/120*i**6 + 0 - 1/6*i**4 + 7*i**2 + 1/2*i**3 + 0*i - 1/60*i**5. Calculate t(3).
9
Let b(l) = -l**3 + 7*l**2 + 3. Let j = -29 - -59. Let m be 12/j - (-66)/10. Determine b(m).
3
Let a(r) be the second derivative of r**3/2 + 5*r**2/2 - 7*r. Give a(-4).
-7
Let w = 0 + 0. Let d = w - -2. Let a(o) = 3 - 1 + d*o - 3 - o**3 + 2*o**2. Determine a(-2).
11
Let m(x) be the first derivative of x**4/4 + x**3 - 2*x**2 - 6*x + 20. Calculate m(-4).
-6
Let w be 10/(-12) + 3/((-9)/(-3)). Let f(h) be the second derivative of 3/2*h**2 + 0 + 2*h - w*h**4 - 1/3*h**3. Determine f(-3).
-9
Let q(y) = y + 1. Let c be (-1 - (2 - 2)) + -3. Let w(l) = l. Let m(a) = c*w(a) + 3*q(a). Let i = 10 - 14. Calculate m(i).
7
Let w(u) = u**2 - u - 1. Let p be 1/(-1)*(7 + -3). Let i be -4 + (-2 - (p + 0)). Let h = i + 4. Calculate w(h).
1
Suppose 0*z = -z + 34. Let p be (-12)/30 + z/10. Let v(t) = -3*t + 3. Give v(p).
-6
Let i(z) be the first derivative of -z**3/3 - 5*z**2/2 + 6*z - 3. Give i(-5).
6
Let r(a) = 0*a**2 - 4*a**2 + a**2 + a - 2*a**2. Determine r(1).
-4
Suppose -4*b = 3*d - 27, -4*d = 5 - 25. Let x(y) = 10 - 6 - 4*y + 3*y**b - 6*y**2 + 2*y**3 - 6*y**3. Give x(-5).
-1
Let v(w) be the second derivative of w**7/420 - w**5/60 + w**4/24 - 4*w**3/3 + 5*w. Let g(y) be the second derivative of v(y). Calculate g(1).
1
Let q(i) be the second derivative of -i**5/20 + i**3/6 + i**2/2 + 9*i. Give q(0).
1
Let f(j) = -j**3 + 2*j**2 + j + 1. Let b = 9 + -6. Suppose -b*m = -m - 4. What is f(m)?
3
Let u(v) = 2*v + 13. Let q(m) = -m - 12. Let n(c) = 3*q(c) + 2*u(c). What is n(5)?
-5
Let x(g) = g**3 - 2*g**2 - 3*g - 1. Let h = 60 - 62. What is x(h)?
-11
Let n = 6 - 6. Let v(c) = -c + n*c + 0*c. What is v(5)?
-5
Let i(b) = 6*b - 5. Let o be i(3). Let c(n) = -5*n**2 - 5*n + 9. Let w(r) = 11*r**2 + 11*r - 18. Let g(j) = o*c(j) + 6*w(j). Suppose 3*d = 2*d. Calculate g(d).
9
Let t = 2 - 3. Let y(f) = f + 0*f**2 + 5*f**2 + 0*f**2 - 8*f**2. What is y(t)?
-4
Let g = -8 + 5. Let z be g/(-5)*(4 + 1). Let j(a) = 0*a - a - a**z + 0 - 5*a**2 + 3. Calculate j(-4).
-9
Let f be -3*(-2)/(-9)*-3. Suppose 0 = -f*x + x. Let k = x + -3. Let v(d) = d**2 + 2*d + 3. Calculate v(k).
6
Let y(f) = f**2 + 6*f + 6. Let q(c) = c + 1. Let x(z) = 6*q(z) - y(z). Let j(o) = -o + 1. Let s be j(2). Determine x(s).
-1
Let z(f) be the first derivative of f**6/120 - f**5/12 - f**4/4 + 5*f**3/6 - 3*f**2/2 + 3. Let s(t) be the second derivative of z(t). Calculate s(6).
5
Let z(i) = -i - 9. Suppose 4*u + 7*f = 2*f - 21, 2*u - 3*f + 5 = 0. Give z(u).
-5
Let p be 6 + -2 - 1*-2. Let b(r) = r**2 - 4*r - 3. Let k(n) = n**2 - 4*n - 4. Let a(o) = -2*b(o) + 3*k(o). Give a(p).
6
Let s(r) be the second derivative of -r**4/12 - r**3/6 + 11*r**2/2 + 3*r. Let n = -7 + 7. Give s(n).
11
Let b(i) = -i + 12. Let a be b(16). Let w(c) = 3*c**2 + 0*c**3 - c**3 - 7*c**2 + 2. Calculate w(a).
2
Suppose 0 = -0*g + g - 2. Let j(i) = -g*i**2 - 1 + 0*i**2 - i**2 + i - 3*i**2. What is j(1)?
-6
Let t(n) = n - 2. Let x = -51 - -49. Calculate t(x).
-4
Let r be (4/6)/((-6)/9). Let k(a) = 87*a**3 - 18*a**2 + 18*a + 18. Let q(v) = -25*v**3 + 5*v**2 - 5*v - 5. Let o(x) = -5*k(x) - 18*q(x). Give o(r).
-15
Let y(n) = -1 + 3*n**2 - 2*n + 2*n + n**3. Let i = 13 + -8. Suppose 1 + 9 = -i*a. Calculate y(a).
3
Let k = 7 - 13. Let h(u) = -19*u - 1 - 3*u**2 - 2 + 4*u**2 + 26*u. What is h(k)?
-9
Let x(b) be the second derivative of b**5/20 - b**4/3 - b**3/3 + 5*b**2/2 + b. Suppose -4*g = -15 + 3. Suppose 2*c - g = 5. Give x(c).
-3
Let n(h) = -10 + 8*h + 10 + h**2. Determine n(-8).
0
Suppose 4*x + 2 = 3*x. Let o = x - 0. Let b(s) be the third derivative of -s**4/12 + 3*s**2. Determine b(o).
4
Let p(u) = 5*u - 1. Suppose -2*c + 16 = 2*c. Determine p(c).
19
Let f(s) = s**3 + 6*s**2 - 4. Let a(t) = t**2 - 5*t - 6. Let p be a(5). Calculate f(p).
-4
Let s(a) = a - 5. Suppose -13 = 4*x - q, -3*x - 2*x - 3*q - 29 = 0. What is s(x)?
-9
Let b(u) = -7*u**3 - 5*u**2 + 3*u + 2. Let q(v) = 20*v**3 + 15*v**2 - 8*v - 6. Let n(h) = 17*b(h) + 6*q(h). Calculate n(-4).
2
Let h(z) = 7*z - 7. Let b(m) = 3*m - 3. Let q(l) = 5*b(l) - 2*h(l). Let t(p) = -4*p + 3. Let c(j) = 10*q(j) + 2*t(j). Let v be (-4)/18 - 141/(-27). Give c(v).
6
Let a(s) = 0 - 2*s**2 - 2*s + 0. Let v = 54 + -56. What is a(v)?
-4
Let r(q) = q + 2. Let t(h) = -13*h - 28. Let s(a) = 7*a + 14. Let z(d) = 11*s(d) + 6*t(d). Let c be z(-12). Determine r(c).
0
Suppose o = 2*o - 1. Let f be (-1 + o/2)*-4. Let y(z) = -z**2 - 6 + f + 0*z**2. What is y(0)?
-4
Suppose 0 = -4*l - l + 5. Let d be (0/l + 2)*4. Suppose 2*t - 2*r + 14 = 0, d = 4*t + 4*r + r. Let b(g) = g + 2. Determine b(t).
-1
Suppose j + 4*i - 3*i = -8, -3*j - 4*i - 28 = 0. Let f(l) = -2*l**2 - 6*l - 15. Let m(t) = -t**2 - 3*t - 7. Let r(c) = 6*f(c) - 13*m(c). Calculate r(j).
5
Let n(x) = -x**2 - 4*x - 1. Let c = 0 - -2. Suppose -c + 9 = 4*u + 3*b, 0 = -u - 5*b - 11. Suppose z - 4*z - 26 = u*a, 0 = -4*a - 20. Determine n(z).
3
Let p(n) be the second derivative of -4*n**3/3 - n**2/2 + 14*n. Suppose -g - g = -6. Suppose -15 = -5*d, -7*d + 9 = -g*f - 3*d. What is p(f)?
-9
Let b = 4 + -3. Let p be 0/(-2*b) + 2. Let f(k) be the third derivative of k**6/120 + k**4/6 - k**3/2 - 13*k**2. Give f(p).
13
Suppose -3*k - 32 + 23 = 0. Let j(h) = -h**3 - 4*h**2 - 3*h + 2. Give j(k).
2
Let x be 33/(-22)*(0 - 6). Let y(h) = h**3 - 9*h**2 + h - 2. Calculate y(x).
7
Let w(v) = 2*v - 2 - 4 - 3*v. Determine w(-9).
3
Let a(j) be the third derivative of j**5/60 - j**4/6 - j**3/6 - 6*j**2. Give a(-3).
20
Let x(r) = 2*r**3 + r**2 + 4*r - 3. Let m be x(2). Let o be m/(-4) + 5/20. Let s(h) = 4*h - 2*h + 5 - 1. Determine s(o).
-8
Let x be 304/5 + 5/25. Let k = x + -41. Suppose k = 5*i + 5. Let h(d) = d**3 - 4*d**2 + 3*d - 4. What is h(i)?
-4
Let x(j) = -j**2 - 2*j - 5*j + 0 - 4. Give x(-6).
2
Let w(g) = 6*g**2 - g - 4*g**2 - g**3 - 4*g**2 - 3. Give w(-3).
9
Let q(b) be the second derivative of -b**3/3 - b**2 + b + 19. Determine q(-6).
10
Let t(u) = 3*u + 3. Let y(v) = 9*v + 10. Let l(c) = 7*t(c) - 2*y(c). Calculate l(-3).
-8
Let n(y) be the first derivative of -y**4/4 - y**3/3 - 14*y - 15. What is n(0)?
-14
Suppose 5*c + 3 = 33. Let o(k) = -6*k - 2 + c*k + k. What is o(1)?
-1
Let n(f) be the first derivative of -1/3*f**3 - 3*f + 1/12*f**4 - 1/2*f**2 - 1. Let u(t) be the first derivative of n(t). Determine u(-1).
2
Suppose 0 = u + 2 - 0. Let d = u - -3. Let c = d + 2. Let h(n) = -n**2 + n. Calculate h(c).
-6
Let s(b) = -2 + 6*b**2 - 10*b**2 + 2*b**2 + 3*b**2. Calculate s(2).
2
Let k(d) be the first derivative of -5 + 3*d + 2*d**2 - 3*d + 1. What is k(-2)?
-8
Let n(r) = r**2 + 13*r + 34. Let c be n(-7). Let o(j) = -j**2 - 9*j. Calculate o(c).
8
Let j(y) = y + 11. Let h be j(-8). Let t(g) = -2*g**3 - 4 + 3*g**h + g**2 - g + 0*g**2 + 0. What is t(0)?
-4
Let z(q) = 3*q**2 - q**2 + 11 + 2*q - 4 - 3. What is z(-3)?
16
Let j be (6/4)/((-21)/28). Let l(p) = p - 1. Let m(c) = -c**3 - 4*c**2 + 6*c - 7. Let g(a) = -6*l(a) + m(a). Determine g(j).
-9
Let b = 134 + -4019/30. Let l(v) be the third derivative of -b*v**5 + 0*v - v**2 - 1/3*v**3 + 0 + 1/6*v**4. What is l(2)?
-2
Let z(u) = 26*u**2 - u - 9*u**2 - 6*u**2. Give z(1).
10
Let u(f